 What are the prime factors of y(4)?
3, 4831
Let m(z) be the second derivative of -7*z**3/3 + 159*z**2/2 + 174*z. List the prime factors of m(-15).
3, 41
Suppose 102*d - 182433 - 261777 = 0. What are the prime factors of d?
5, 13, 67
List the prime factors of 182/2275 - -103*(-23264)/(-100).
2, 11981
Let n(d) = -d - 1. Let l be n(5). List the prime factors of (-657)/l*24/9.
2, 73
Let y(i) = -685*i - 2376. List the prime factors of y(-27).
3, 199
Let m(p) = 3*p + 3436. List the prime factors of m(12).
2, 7, 31
Let k = 1026 + 399. List the prime factors of (328/6)/(190/k).
2, 5, 41
List the prime factors of (-3551)/268*(-6307 + -1).
19, 53, 83
Let y(l) = -l**3 - 16*l**2 - 28*l + 23. Let w be y(-10). Let j = -176 - w. List the prime factors of j.
11
Suppose -4*v - k + 3458 + 4634 = 0, 0 = -5*v + 4*k + 10094. What are the prime factors of (v/(-8))/((-31)/124)?
3, 337
Let v(k) = 142*k - 11. Let u be v(9). Let a = u + -830. What are the prime factors of a?
19, 23
Let a(r) = -r**2 - 24*r - 32. Let p be a(-23). Let g(s) = 19*s**2 + 42*s + 22. List the prime factors of g(p).
7, 13
Suppose -9294724 = -169*c + 6*c - 1441710. What are the prime factors of c?
2, 13, 17, 109
Suppose -2*x = -x - 3*x. Suppose x = -2*y + 5*y - 24. Suppose 0 = -5*q + y + 162. List the prime factors of q.
2, 17
Suppose 404028 = -68*l + 1085252. What are the prime factors of l?
2, 5009
Let s = -252 + 399. Suppose -3*j - 2*j + 360 = 4*c, 20 = 4*c. Let d = s - j. What are the prime factors of d?
79
Suppose 100*x - 32853 = 857339 + 320908. What are the prime factors of x?
3, 11, 367
What are the prime factors of (-84)/105*(-1067480)/32?
26687
Let l = 468 + 2406. What are the prime factors of l?
2, 3, 479
Let s(i) = -i**2 - 25*i - 150. Let l be s(-13). Suppose l*a = 2697 + 4899. What are the prime factors of a?
2, 3, 211
List the prime factors of (10 - -129)/(1/47).
47, 139
Let o = -4248 - -24837. List the prime factors of o.
3, 6863
Let q(s) = s + 6. Let u be q(3). Let m(r) = -1 - 14*r - 8*r**2 + 9*r**2 + u. List the prime factors of m(-6).
2
Let g = -2277 - -8467. What are the prime factors of g?
2, 5, 619
Suppose -63095 = -5*n - 5*k, 4*n = -13*k + 18*k + 50467. List the prime factors of n.
2, 3, 701
Let v(j) be the second derivative of 13*j**5/5 + 5*j**4/12 - 7*j**3/6 - j**2 - 32*j + 2. What are the prime factors of v(2)?
2, 3, 5, 7
Let m be 1 + (-1 - (0 + 0))/(-1). Suppose -5*g = 0, -m*n - 40 = 3*g - 496. List the prime factors of n.
2, 3, 19
Suppose -116*h + 6263686 = 170*h. List the prime factors of h.
11, 181
Let a(i) = i**3 + 27*i**2 + 39*i + 44. Let f be a(-26). Let b = f + 559. What are the prime factors of b?
5, 53
Suppose -i = 0, 6*m - 513 = 3*m - 3*i. Let y = m + 851. List the prime factors of y.
2, 7, 73
Suppose 0 = -4*o - 0*o + 4*y + 328, 0 = -3*o + y + 242. List the prime factors of 4/(o/21438) - 3/(-30).
2, 67
Let c = 27 - -9. Let a = c + 57. What are the prime factors of (-2 + a/9)/(2/48)?
2, 5
Let t = -125 - -128. Suppose 800 = t*a - 352. Let w = a + -254. List the prime factors of w.
2, 5, 13
Suppose -8*t + 908 = -6*t. Let b = -238 + t. List the prime factors of b.
2, 3
Suppose 4*k - 2*k + 2*i + 4 = 0, 4*i = -5*k - 6. List the prime factors of k - (-3 + 5 + 2 + -459).
457
Suppose -91 = 5*x - 61. What are the prime factors of (47 - -1)/x*-31?
2, 31
Let j = -99 + 51. Let i = 52 + j. Suppose -n = i*n - 435. List the prime factors of n.
3, 29
Let k be (-2)/(-7) + (-2357)/(-7). Let u(a) = -a**2 + 51*a - 37. Let j be u(49). Suppose 2*g + j = k. What are the prime factors of g?
2, 3, 23
List the prime factors of 9*(-13)/(-156) - 54738/(-8).
3, 2281
Suppose 0 = 799*t - 703*t - 149376. List the prime factors of t.
2, 389
What are the prime factors of (19170/(-675))/(2 - 71/35)?
2, 7, 71
Let x(j) = 23*j**2 + 2*j + 4. Let o be x(-3). Suppose -57*z + 44*z = 1859. Let t = z + o. What are the prime factors of t?
2, 31
Suppose 0 = -5*g + 109 - 129. List the prime factors of (6396/(-27))/g + (-4)/18.
59
Let f be 5*((-40)/(-25))/4. Let c be (-1)/f + (-7843)/(-22). Suppose c = 3*g + 35. What are the prime factors of g?
107
Let t = -8246 + 12188. List the prime factors of t.
2, 3, 73
Suppose -4*a + 3*a + 9426 = -26271. List the prime factors of a.
3, 73, 163
Let k be 15/1*(4 - (-33)/(-9)). Suppose -3*u + 3*j = -u - 197, -298 = -3*u + k*j. Suppose 4*h = 2*r + 22 + 50, -5*h + u = -2*r. List the prime factors of h.
19
Let r(n) = 289*n - 540. What are the prime factors of r(23)?
31, 197
Let f(i) = 8*i**2 + 19*i - 27. Let o be f(8). Let d = o + -282. What are the prime factors of d?
5, 71
Let c(t) = t**3 - 13*t**2 + t - 11. Let b be c(13). Let g be ((-16)/20)/(b/(-40)). List the prime factors of (4/g*-6)/(1/(-18)).
3
Let q(v) = -29*v - 23. Let m(p) = 30*p + 36. Let y(g) = -2*m(g) - 3*q(g). Let r = 7 - 3. What are the prime factors of y(r)?
3, 5, 7
Let u = -16199 + 21981. List the prime factors of u.
2, 7, 59
Let k(c) = -609*c - 117. What are the prime factors of k(-1)?
2, 3, 41
Suppose 4*x - 5*r = 8*x + 9911, -3*x + r - 7419 = 0. Let f = -871 - x. List the prime factors of f.
7, 229
Let c(y) = 2 + 182*y**2 + 2 + 79*y**2 + 36*y - 31*y. Let x(d) = 2*d - 15. Let h be x(7). What are the prime factors of c(h)?
2, 5, 13
Let k be (-308)/176 + (-30)/(-8). What are the prime factors of 258 - (0/1 + (k - 7))?
263
Suppose h - 2*l - 24 = -5*l, 2*h - l - 76 = 0. List the prime factors of ((-2)/(-18))/((-12)/(-1980))*h.
2, 3, 5, 11
Let g be (-6 + 0)/3 - -6. Suppose 2*a - 9 = -a - g*d, -4*d = -a + 3. What are the prime factors of a + 1 + 78 - 0?
2, 41
Let o(l) be the first derivative of 28*l - 9 - 1/2*l**2. List the prime factors of o(-7).
5, 7
Suppose -8679 = -4*k - 29*k. Suppose -6*h - k = -2165. What are the prime factors of h?
317
Let d be (-38)/(-2)*(-15 - -7 - -9). Suppose 32*n - 20800 = d*n. What are the prime factors of n?
2, 5
Suppose 2 - 2 = 4*i. Let n be 30/10 - (i + -203). Suppose 316 = 6*h - n. What are the prime factors of h?
3, 29
Let p(t) = 237*t**3 + t**2 - 3*t + 10. List the prime factors of p(3).
13, 17, 29
Suppose 0 = 2*l - 3*o - 16226, 0 = 109*l - 106*l - 3*o - 24330. List the prime factors of l.
2, 1013
Let n = 47768 - 33630. List the prime factors of n.
2, 7069
Let b(o) = 1675*o**3 - 10*o**2 + 30*o - 28. List the prime factors of b(2).
2, 3, 31
Let h(r) be the third derivative of -r**5/60 + 11*r**4/8 - 46*r**3/3 + 103*r**2. What are the prime factors of h(22)?
2, 3, 5
Let h = 1902 + -1125. Suppose 26*x - h = 25*x. What are the prime factors of x?
3, 7, 37
Let r = -363 + 372. What are the prime factors of r - (16 - 3) - (1 + -492)?
487
Suppose -2*c - 3*u + 2*u = 52, 4*c + 94 = 3*u. Suppose -2*w + 0*w = 5*y - 113, -2*y + 272 = 5*w. Let l = w - c. List the prime factors of l.
79
Suppose 1418*d - 181783 = 1411*d. List the prime factors of d.
25969
Suppose -5*i + 133219 = -n, 14*i - 53283 = 12*i + 5*n. List the prime factors of i.
2, 6661
Let n(d) = -d**3 + 30*d**2 - 58*d + 62. Let h be n(28). What are the prime factors of 542 + -4*h/(-24) + 1?
2, 17
Let h(f) = -138*f. Let r be h(-1). Let b = 70 + -69. What are the prime factors of (r/(-24))/(b/(-16))?
2, 23
List the prime factors of (10 + -11)/(4 + (408720/(-58388) - -3)).
11, 1327
Let g(m) be the first derivative of m**4/4 - 16*m**3/3 + m**2/2 - 7*m - 21. Let r be g(16). List the prime factors of 66/(-4)*(-6)/r.
11
Suppose 3*m - 35 = -2*m. Let p(c) = c - 3. Let j be p(m). Suppose -5*r = j*d - 411, 5*r - 416 = 6*d - 5*d. What are the prime factors of r?
83
List the prime factors of 34808/(1 + 3) + 7 + -14.
5, 37, 47
Let p(f) = 9*f + 5*f**2 - 8*f - 1 + 0*f - 3*f. Let l be p(2). Let w = l + 12. What are the prime factors of w?
3
Let h = -1163 + 4970. List the prime factors of h.
3, 47
Suppose 0 = 4*d - 5*h - 4587, -d - 2*h + 1173 = 2*h. Suppose -2*s - 231 + d = 0. List the prime factors of s.
461
Suppose 3203550 = 62*v + 164*v. What are the prime factors of v?
3, 5, 7
Let o(p) = p**3 + 39*p**2 - 3*p - 79. What are the prime factors of o(-9)?
2, 29, 41
Let d(l) = l**3 - 22*l**2 - 19*l. Suppose -44*x = -31*x - 312. What are the prime factors of d(x)?
2, 3, 29
Let t = -4 + -2. Let n(d) = -4 - 2*d - 395*d**2 - 6*d + 394*d**2. What are the prime factors of n(t)?
2
Let r(f) be the first derivative of 16*f - 6*f**2 + 3*f + 11 + 7*f**2. W